{"id":15,"date":"2026-02-02T01:38:56","date_gmt":"2026-02-01T22:38:56","guid":{"rendered":"https:\/\/demopanel.com.tr\/zirveakademi\/cart-2\/"},"modified":"2026-02-02T01:38:56","modified_gmt":"2026-02-01T22:38:56","slug":"cart-2","status":"publish","type":"page","link":"https:\/\/demopanel.com.tr\/zirveakademi\/cart-2\/","title":{"rendered":"Cart"},"content":{"rendered":"\n<div data-block-name=\"woocommerce\/cart\" class=\"wp-block-woocommerce-cart alignwide is-loading\">\n<div data-block-name=\"woocommerce\/filled-cart-block\" class=\"wp-block-woocommerce-filled-cart-block\">\n<div data-block-name=\"woocommerce\/cart-items-block\" class=\"wp-block-woocommerce-cart-items-block\">\n<div data-block-name=\"woocommerce\/cart-line-items-block\" class=\"wp-block-woocommerce-cart-line-items-block\"><\/div>\n\n\n<\/div>\n\n\n\n\n<div data-block-name=\"woocommerce\/cart-totals-block\" class=\"wp-block-woocommerce-cart-totals-block\">\n<div data-block-name=\"woocommerce\/cart-order-summary-block\" class=\"wp-block-woocommerce-cart-order-summary-block\">\n<div data-block-name=\"woocommerce\/cart-order-summary-heading-block\" class=\"wp-block-woocommerce-cart-order-summary-heading-block\"><\/div><div data-block-name=\"woocommerce\/cart-order-summary-coupon-form-block\" class=\"wp-block-woocommerce-cart-order-summary-coupon-form-block\"><\/div><div data-block-name=\"woocommerce\/cart-order-summary-totals-block\" class=\"wp-block-woocommerce-cart-order-summary-totals-block\">\n<div data-block-name=\"woocommerce\/cart-order-summary-subtotal-block\" class=\"wp-block-woocommerce-cart-order-summary-subtotal-block\"><\/div>\n<div data-block-name=\"woocommerce\/cart-order-summary-discount-block\" class=\"wp-block-woocommerce-cart-order-summary-discount-block\"><\/div>\n<div data-block-name=\"woocommerce\/cart-order-summary-fee-block\" class=\"wp-block-woocommerce-cart-order-summary-fee-block\"><\/div>\n<div data-block-name=\"woocommerce\/cart-order-summary-shipping-block\" class=\"wp-block-woocommerce-cart-order-summary-shipping-block\"><\/div>\n<div data-block-name=\"woocommerce\/cart-order-summary-taxes-block\" class=\"wp-block-woocommerce-cart-order-summary-taxes-block\"><\/div><\/div>\n<\/div>\n\n\n\n<div data-block-name=\"woocommerce\/cart-express-payment-block\" class=\"wp-block-woocommerce-cart-express-payment-block\"><\/div>\n\n\n\n<div data-block-name=\"woocommerce\/proceed-to-checkout-block\" class=\"wp-block-woocommerce-proceed-to-checkout-block\"><\/div>\n\n\n\n<div data-block-name=\"woocommerce\/cart-accepted-payment-methods-block\" class=\"wp-block-woocommerce-cart-accepted-payment-methods-block\"><\/div>\n<\/div>\n<\/div>\n\n\n\n<div data-block-name=\"woocommerce\/empty-cart-block\" class=\"wp-block-woocommerce-empty-cart-block\">\n<h2 class=\"wp-block-heading has-text-align-center with-empty-cart-icon wc-block-cart__empty-cart__title\">Your cart is currently empty!<\/h2>\n\n\n\n<hr class=\"wp-block-separator has-alpha-channel-opacity is-style-dots\"\/>\n\n\n\n<h2 class=\"wp-block-heading has-text-align-center\">New in store<\/h2>\n\n\n<div data-block-name=\"woocommerce\/product-new\" data-columns=\"4\" data-rows=\"1\" class=\"wc-block-grid wp-block-product-new wp-block-woocommerce-product-new wc-block-product-new has-4-columns\"><ul class=\"wc-block-grid__products\"><li class=\"wc-block-grid__product\">\n\t\t\t\t<a href=\"https:\/\/demopanel.com.tr\/zirveakademi\/urun\/responsive-web-design-with-html5-css3\/\" class=\"wc-block-grid__product-link\">\n\t\t\t\t\t<div class=\"wc-block-grid__product-onsale\">\n\t\t\t<span aria-hidden=\"true\">\u0130ndirim<\/span>\n\t\t\t<span class=\"screen-reader-text\">\u0130ndirimdeki \u00fcr\u00fcn<\/span>\n\t\t<\/div>\n\t\t\t\t\t<div class=\"wc-block-grid__product-image\"><img fetchpriority=\"high\" decoding=\"async\" width=\"300\" height=\"300\" src=\"https:\/\/demopanel.com.tr\/zirveakademi\/wp-content\/uploads\/2024\/07\/course-1-300x300.jpg\" class=\"attachment-woocommerce_thumbnail size-woocommerce_thumbnail\" alt=\"Responsive Web Design with HTML5 &amp; CSS3\" srcset=\"https:\/\/demopanel.com.tr\/zirveakademi\/wp-content\/uploads\/2024\/07\/course-1-300x300.jpg 300w, https:\/\/demopanel.com.tr\/zirveakademi\/wp-content\/uploads\/2024\/07\/course-1-180x180.jpg 180w, https:\/\/demopanel.com.tr\/zirveakademi\/wp-content\/uploads\/2024\/07\/course-1-175x175.jpg 175w\" sizes=\"(max-width: 300px) 100vw, 300px\" \/><\/div>\n\t\t\t\t\t<div class=\"wc-block-grid__product-title\">Responsive Web Design with HTML5 &amp; CSS3<\/div>\n\t\t\t\t<\/a>\n\t\t\t\t<div class=\"wc-block-grid__product-price price\"><del aria-hidden=\"true\"><span class=\"woocommerce-Price-amount amount\"><span class=\"woocommerce-Price-currencySymbol\">&#8378;<\/span>89,00<\/span><\/del> <span class=\"screen-reader-text\">Orijinal fiyat: &#8378;89,00.<\/span><ins aria-hidden=\"true\"><span class=\"woocommerce-Price-amount amount\"><span class=\"woocommerce-Price-currencySymbol\">&#8378;<\/span>59,00<\/span><\/ins><span class=\"screen-reader-text\">\u015eu andaki fiyat: &#8378;59,00.<\/span><\/div>\n\t\t\t\t\n\t\t\t\t<div class=\"wp-block-button wc-block-grid__product-add-to-cart\"><a href=\"\/zirveakademi\/wp-json\/wp\/v2\/pages\/15?add-to-cart=697\" aria-label=\"Sepete ekle: \u201cResponsive Web Design with HTML5 &amp; CSS3\u201d\" data-quantity=\"1\" data-product_id=\"697\" data-product_sku=\"\" data-price=\"59\" rel=\"nofollow\" class=\"wp-block-button__link  add_to_cart_button ajax_add_to_cart\">Sepete Ekle<\/a><\/div>\n\t\t\t<\/li><li class=\"wc-block-grid__product\">\n\t\t\t\t<a href=\"https:\/\/demopanel.com.tr\/zirveakademi\/urun\/the-complete-cyber-security-course\/\" class=\"wc-block-grid__product-link\">\n\t\t\t\t\t<div class=\"wc-block-grid__product-onsale\">\n\t\t\t<span aria-hidden=\"true\">\u0130ndirim<\/span>\n\t\t\t<span class=\"screen-reader-text\">\u0130ndirimdeki \u00fcr\u00fcn<\/span>\n\t\t<\/div>\n\t\t\t\t\t<div class=\"wc-block-grid__product-image\"><img decoding=\"async\" width=\"300\" height=\"300\" src=\"https:\/\/demopanel.com.tr\/zirveakademi\/wp-content\/uploads\/2024\/07\/course-2-300x300.jpg\" class=\"attachment-woocommerce_thumbnail size-woocommerce_thumbnail\" alt=\"The Complete Cyber Security Course\" srcset=\"https:\/\/demopanel.com.tr\/zirveakademi\/wp-content\/uploads\/2024\/07\/course-2-300x300.jpg 300w, https:\/\/demopanel.com.tr\/zirveakademi\/wp-content\/uploads\/2024\/07\/course-2-180x180.jpg 180w, https:\/\/demopanel.com.tr\/zirveakademi\/wp-content\/uploads\/2024\/07\/course-2-175x175.jpg 175w\" sizes=\"(max-width: 300px) 100vw, 300px\" \/><\/div>\n\t\t\t\t\t<div class=\"wc-block-grid__product-title\">The Complete Cyber Security Course<\/div>\n\t\t\t\t<\/a>\n\t\t\t\t<div class=\"wc-block-grid__product-price price\"><del aria-hidden=\"true\"><span class=\"woocommerce-Price-amount amount\"><span class=\"woocommerce-Price-currencySymbol\">&#8378;<\/span>59,00<\/span><\/del> <span class=\"screen-reader-text\">Orijinal fiyat: &#8378;59,00.<\/span><ins aria-hidden=\"true\"><span class=\"woocommerce-Price-amount amount\"><span class=\"woocommerce-Price-currencySymbol\">&#8378;<\/span>39,00<\/span><\/ins><span class=\"screen-reader-text\">\u015eu andaki fiyat: &#8378;39,00.<\/span><\/div>\n\t\t\t\t\n\t\t\t\t<div class=\"wp-block-button wc-block-grid__product-add-to-cart\"><a href=\"\/zirveakademi\/wp-json\/wp\/v2\/pages\/15?add-to-cart=696\" aria-label=\"Sepete ekle: \u201cThe Complete Cyber Security Course\u201d\" data-quantity=\"1\" data-product_id=\"696\" data-product_sku=\"\" data-price=\"39\" rel=\"nofollow\" class=\"wp-block-button__link  add_to_cart_button ajax_add_to_cart\">Sepete Ekle<\/a><\/div>\n\t\t\t<\/li><li class=\"wc-block-grid__product\">\n\t\t\t\t<a href=\"https:\/\/demopanel.com.tr\/zirveakademi\/urun\/sales-training-practical-sales-techniques\/\" class=\"wc-block-grid__product-link\">\n\t\t\t\t\t\n\t\t\t\t\t<div class=\"wc-block-grid__product-image\"><img decoding=\"async\" width=\"300\" height=\"300\" src=\"https:\/\/demopanel.com.tr\/zirveakademi\/wp-content\/uploads\/2024\/07\/course-3-300x300.jpg\" class=\"attachment-woocommerce_thumbnail size-woocommerce_thumbnail\" alt=\"Sales Training Practical Sales Techniques\" srcset=\"https:\/\/demopanel.com.tr\/zirveakademi\/wp-content\/uploads\/2024\/07\/course-3-300x300.jpg 300w, https:\/\/demopanel.com.tr\/zirveakademi\/wp-content\/uploads\/2024\/07\/course-3-180x180.jpg 180w, https:\/\/demopanel.com.tr\/zirveakademi\/wp-content\/uploads\/2024\/07\/course-3-175x175.jpg 175w\" sizes=\"(max-width: 300px) 100vw, 300px\" \/><\/div>\n\t\t\t\t\t<div class=\"wc-block-grid__product-title\">Sales Training Practical Sales Techniques<\/div>\n\t\t\t\t<\/a>\n\t\t\t\t<div class=\"wc-block-grid__product-price price\"><span class=\"woocommerce-Price-amount amount\"><span class=\"woocommerce-Price-currencySymbol\">&#8378;<\/span>89,00<\/span><\/div>\n\t\t\t\t\n\t\t\t\t<div class=\"wp-block-button wc-block-grid__product-add-to-cart\"><a href=\"\/zirveakademi\/wp-json\/wp\/v2\/pages\/15?add-to-cart=695\" aria-label=\"Sepete ekle: \u201cSales Training Practical Sales Techniques\u201d\" data-quantity=\"1\" data-product_id=\"695\" data-product_sku=\"\" data-price=\"89\" rel=\"nofollow\" class=\"wp-block-button__link  add_to_cart_button ajax_add_to_cart\">Sepete Ekle<\/a><\/div>\n\t\t\t<\/li><li class=\"wc-block-grid__product\">\n\t\t\t\t<a href=\"https:\/\/demopanel.com.tr\/zirveakademi\/urun\/the-complete-product-management-course\/\" class=\"wc-block-grid__product-link\">\n\t\t\t\t\t\n\t\t\t\t\t<div class=\"wc-block-grid__product-image\"><img loading=\"lazy\" decoding=\"async\" width=\"300\" height=\"300\" src=\"https:\/\/demopanel.com.tr\/zirveakademi\/wp-content\/uploads\/2024\/07\/course-4-300x300.jpg\" class=\"attachment-woocommerce_thumbnail size-woocommerce_thumbnail\" alt=\"The Complete Product Management Course\" srcset=\"https:\/\/demopanel.com.tr\/zirveakademi\/wp-content\/uploads\/2024\/07\/course-4-300x300.jpg 300w, https:\/\/demopanel.com.tr\/zirveakademi\/wp-content\/uploads\/2024\/07\/course-4-180x180.jpg 180w, https:\/\/demopanel.com.tr\/zirveakademi\/wp-content\/uploads\/2024\/07\/course-4-175x175.jpg 175w\" sizes=\"(max-width: 300px) 100vw, 300px\" \/><\/div>\n\t\t\t\t\t<div class=\"wc-block-grid__product-title\">The Complete Product Management Course<\/div>\n\t\t\t\t<\/a>\n\t\t\t\t<div class=\"wc-block-grid__product-price price\"><span class=\"woocommerce-Price-amount amount\"><span class=\"woocommerce-Price-currencySymbol\">&#8378;<\/span>58,00<\/span><\/div>\n\t\t\t\t\n\t\t\t\t<div class=\"wp-block-button wc-block-grid__product-add-to-cart\"><a href=\"\/zirveakademi\/wp-json\/wp\/v2\/pages\/15?add-to-cart=694\" aria-label=\"Sepete ekle: \u201cThe Complete Product Management Course\u201d\" data-quantity=\"1\" data-product_id=\"694\" data-product_sku=\"\" data-price=\"58\" rel=\"nofollow\" class=\"wp-block-button__link  add_to_cart_button ajax_add_to_cart\">Sepete Ekle<\/a><\/div>\n\t\t\t<\/li><\/ul><\/div><\/div>\n<\/div>\n","protected":false},"excerpt":{"rendered":"","protected":false},"author":1,"featured_media":0,"parent":0,"menu_order":0,"comment_status":"closed","ping_status":"closed","template":"","meta":{"footnotes":""},"class_list":["post-15","page","type-page","status-publish","hentry"],"_links":{"self":[{"href":"https:\/\/demopanel.com.tr\/zirveakademi\/wp-json\/wp\/v2\/pages\/15","targetHints":{"allow":["GET"]}}],"collection":[{"href":"https:\/\/demopanel.com.tr\/zirveakademi\/wp-json\/wp\/v2\/pages"}],"about":[{"href":"https:\/\/demopanel.com.tr\/zirveakademi\/wp-json\/wp\/v2\/types\/page"}],"author":[{"embeddable":true,"href":"https:\/\/demopanel.com.tr\/zirveakademi\/wp-json\/wp\/v2\/users\/1"}],"replies":[{"embeddable":true,"href":"https:\/\/demopanel.com.tr\/zirveakademi\/wp-json\/wp\/v2\/comments?post=15"}],"version-history":[{"count":0,"href":"https:\/\/demopanel.com.tr\/zirveakademi\/wp-json\/wp\/v2\/pages\/15\/revisions"}],"wp:attachment":[{"href":"https:\/\/demopanel.com.tr\/zirveakademi\/wp-json\/wp\/v2\/media?parent=15"}],"curies":[{"name":"wp","href":"https:\/\/api.w.org\/{rel}","templated":true}]}}